{"id":9534,"date":"2024-11-29T09:28:27","date_gmt":"2024-11-29T09:28:27","guid":{"rendered":"https:\/\/petardoscm.gmedia.ovh\/index.php\/producto\/pack-ahorro-peques-explosive-color\/"},"modified":"2024-11-29T09:28:43","modified_gmt":"2024-11-29T09:28:43","slug":"pack-ahorro-peques-explosive-color","status":"publish","type":"product","link":"https:\/\/petardoscm.gmedia.ovh\/index.php\/producto\/pack-ahorro-peques-explosive-color\/","title":{"rendered":"PACK AHORRO PEQUES + EXPLOSIVE + COLOR"},"content":{"rendered":"","protected":false},"excerpt":{"rendered":"<p>Pack ahorro que incluye tres lotes de diversos productos, de color, sonido, infantil&#8230; una opci\u00f3n segura para que los m\u00e1s peque\u00f1os se diviertan. VARIOS CONTENIDOS.<\/p>\n","protected":false},"featured_media":9535,"comment_status":"closed","ping_status":"open","template":"","meta":{"_acf_changed":false},"product_brand":[],"product_cat":[],"product_tag":[],"class_list":{"0":"post-9534","1":"product","2":"type-product","3":"status-publish","4":"has-post-thumbnail","6":"pa_categoria-categoria-f3-18-anos","7":"pa_edad-71","9":"first","10":"outofstock","11":"sale","12":"purchasable","13":"product-type-simple"},"acf":[],"yoast_head":"<!-- This site is optimized with the Yoast SEO plugin v24.4 - https:\/\/yoast.com\/wordpress\/plugins\/seo\/ -->\n<title>PACK AHORRO PEQUES + EXPLOSIVE + COLOR - Petardos cm<\/title>\n<meta name=\"robots\" content=\"index, follow, max-snippet:-1, max-image-preview:large, max-video-preview:-1\" \/>\n<link rel=\"canonical\" href=\"https:\/\/petardoscm.gmedia.ovh\/index.php\/producto\/pack-ahorro-peques-explosive-color\/\" \/>\n<meta property=\"og:locale\" content=\"es_ES\" \/>\n<meta property=\"og:type\" content=\"article\" \/>\n<meta property=\"og:title\" content=\"PACK AHORRO PEQUES + EXPLOSIVE + COLOR - Petardos cm\" \/>\n<meta property=\"og:description\" content=\"Pack ahorro que incluye tres lotes de diversos productos, de color, sonido, infantil... una opci\u00f3n segura para que los m\u00e1s peque\u00f1os se diviertan. VARIOS CONTENIDOS.\" \/>\n<meta property=\"og:url\" content=\"https:\/\/petardoscm.gmedia.ovh\/index.php\/producto\/pack-ahorro-peques-explosive-color\/\" \/>\n<meta property=\"og:site_name\" content=\"Petardos cm\" \/>\n<meta property=\"article:modified_time\" content=\"2024-11-29T09:28:43+00:00\" \/>\n<meta name=\"twitter:card\" content=\"summary_large_image\" \/>\n<script type=\"application\/ld+json\" class=\"yoast-schema-graph\">{\"@context\":\"https:\/\/schema.org\",\"@graph\":[{\"@type\":\"WebPage\",\"@id\":\"https:\/\/petardoscm.gmedia.ovh\/index.php\/producto\/pack-ahorro-peques-explosive-color\/\",\"url\":\"https:\/\/petardoscm.gmedia.ovh\/index.php\/producto\/pack-ahorro-peques-explosive-color\/\",\"name\":\"PACK AHORRO PEQUES + EXPLOSIVE + COLOR - Petardos cm\",\"isPartOf\":{\"@id\":\"https:\/\/petardoscm.gmedia.ovh\/#website\"},\"primaryImageOfPage\":{\"@id\":\"https:\/\/petardoscm.gmedia.ovh\/index.php\/producto\/pack-ahorro-peques-explosive-color\/#primaryimage\"},\"image\":{\"@id\":\"https:\/\/petardoscm.gmedia.ovh\/index.php\/producto\/pack-ahorro-peques-explosive-color\/#primaryimage\"},\"thumbnailUrl\":\"https:\/\/petardoscm.gmedia.ovh\/wp-content\/uploads\/2024\/11\/979-oferta-3-lotes-2024.jpg\",\"datePublished\":\"2024-11-29T09:28:27+00:00\",\"dateModified\":\"2024-11-29T09:28:43+00:00\",\"breadcrumb\":{\"@id\":\"https:\/\/petardoscm.gmedia.ovh\/index.php\/producto\/pack-ahorro-peques-explosive-color\/#breadcrumb\"},\"inLanguage\":\"es\",\"potentialAction\":[{\"@type\":\"ReadAction\",\"target\":[\"https:\/\/petardoscm.gmedia.ovh\/index.php\/producto\/pack-ahorro-peques-explosive-color\/\"]}]},{\"@type\":\"ImageObject\",\"inLanguage\":\"es\",\"@id\":\"https:\/\/petardoscm.gmedia.ovh\/index.php\/producto\/pack-ahorro-peques-explosive-color\/#primaryimage\",\"url\":\"https:\/\/petardoscm.gmedia.ovh\/wp-content\/uploads\/2024\/11\/979-oferta-3-lotes-2024.jpg\",\"contentUrl\":\"https:\/\/petardoscm.gmedia.ovh\/wp-content\/uploads\/2024\/11\/979-oferta-3-lotes-2024.jpg\",\"width\":1600,\"height\":1600},{\"@type\":\"BreadcrumbList\",\"@id\":\"https:\/\/petardoscm.gmedia.ovh\/index.php\/producto\/pack-ahorro-peques-explosive-color\/#breadcrumb\",\"itemListElement\":[{\"@type\":\"ListItem\",\"position\":1,\"name\":\"Portada\",\"item\":\"https:\/\/petardoscm.gmedia.ovh\/\"},{\"@type\":\"ListItem\",\"position\":2,\"name\":\"Shop\",\"item\":\"https:\/\/petardoscm.gmedia.ovh\/index.php\/shop\/\"},{\"@type\":\"ListItem\",\"position\":3,\"name\":\"PACK AHORRO PEQUES + EXPLOSIVE + COLOR\"}]},{\"@type\":\"WebSite\",\"@id\":\"https:\/\/petardoscm.gmedia.ovh\/#website\",\"url\":\"https:\/\/petardoscm.gmedia.ovh\/\",\"name\":\"Petardos cm\",\"description\":\"\",\"potentialAction\":[{\"@type\":\"SearchAction\",\"target\":{\"@type\":\"EntryPoint\",\"urlTemplate\":\"https:\/\/petardoscm.gmedia.ovh\/?s={search_term_string}\"},\"query-input\":{\"@type\":\"PropertyValueSpecification\",\"valueRequired\":true,\"valueName\":\"search_term_string\"}}],\"inLanguage\":\"es\"}]}<\/script>\n<!-- \/ Yoast SEO plugin. -->","yoast_head_json":{"title":"PACK AHORRO PEQUES + EXPLOSIVE + COLOR - Petardos cm","robots":{"index":"index","follow":"follow","max-snippet":"max-snippet:-1","max-image-preview":"max-image-preview:large","max-video-preview":"max-video-preview:-1"},"canonical":"https:\/\/petardoscm.gmedia.ovh\/index.php\/producto\/pack-ahorro-peques-explosive-color\/","og_locale":"es_ES","og_type":"article","og_title":"PACK AHORRO PEQUES + EXPLOSIVE + COLOR - Petardos cm","og_description":"Pack ahorro que incluye tres lotes de diversos productos, de color, sonido, infantil... una opci\u00f3n segura para que los m\u00e1s peque\u00f1os se diviertan. VARIOS CONTENIDOS.","og_url":"https:\/\/petardoscm.gmedia.ovh\/index.php\/producto\/pack-ahorro-peques-explosive-color\/","og_site_name":"Petardos cm","article_modified_time":"2024-11-29T09:28:43+00:00","twitter_card":"summary_large_image","schema":{"@context":"https:\/\/schema.org","@graph":[{"@type":"WebPage","@id":"https:\/\/petardoscm.gmedia.ovh\/index.php\/producto\/pack-ahorro-peques-explosive-color\/","url":"https:\/\/petardoscm.gmedia.ovh\/index.php\/producto\/pack-ahorro-peques-explosive-color\/","name":"PACK AHORRO PEQUES + EXPLOSIVE + COLOR - Petardos cm","isPartOf":{"@id":"https:\/\/petardoscm.gmedia.ovh\/#website"},"primaryImageOfPage":{"@id":"https:\/\/petardoscm.gmedia.ovh\/index.php\/producto\/pack-ahorro-peques-explosive-color\/#primaryimage"},"image":{"@id":"https:\/\/petardoscm.gmedia.ovh\/index.php\/producto\/pack-ahorro-peques-explosive-color\/#primaryimage"},"thumbnailUrl":"https:\/\/petardoscm.gmedia.ovh\/wp-content\/uploads\/2024\/11\/979-oferta-3-lotes-2024.jpg","datePublished":"2024-11-29T09:28:27+00:00","dateModified":"2024-11-29T09:28:43+00:00","breadcrumb":{"@id":"https:\/\/petardoscm.gmedia.ovh\/index.php\/producto\/pack-ahorro-peques-explosive-color\/#breadcrumb"},"inLanguage":"es","potentialAction":[{"@type":"ReadAction","target":["https:\/\/petardoscm.gmedia.ovh\/index.php\/producto\/pack-ahorro-peques-explosive-color\/"]}]},{"@type":"ImageObject","inLanguage":"es","@id":"https:\/\/petardoscm.gmedia.ovh\/index.php\/producto\/pack-ahorro-peques-explosive-color\/#primaryimage","url":"https:\/\/petardoscm.gmedia.ovh\/wp-content\/uploads\/2024\/11\/979-oferta-3-lotes-2024.jpg","contentUrl":"https:\/\/petardoscm.gmedia.ovh\/wp-content\/uploads\/2024\/11\/979-oferta-3-lotes-2024.jpg","width":1600,"height":1600},{"@type":"BreadcrumbList","@id":"https:\/\/petardoscm.gmedia.ovh\/index.php\/producto\/pack-ahorro-peques-explosive-color\/#breadcrumb","itemListElement":[{"@type":"ListItem","position":1,"name":"Portada","item":"https:\/\/petardoscm.gmedia.ovh\/"},{"@type":"ListItem","position":2,"name":"Shop","item":"https:\/\/petardoscm.gmedia.ovh\/index.php\/shop\/"},{"@type":"ListItem","position":3,"name":"PACK AHORRO PEQUES + EXPLOSIVE + COLOR"}]},{"@type":"WebSite","@id":"https:\/\/petardoscm.gmedia.ovh\/#website","url":"https:\/\/petardoscm.gmedia.ovh\/","name":"Petardos cm","description":"","potentialAction":[{"@type":"SearchAction","target":{"@type":"EntryPoint","urlTemplate":"https:\/\/petardoscm.gmedia.ovh\/?s={search_term_string}"},"query-input":{"@type":"PropertyValueSpecification","valueRequired":true,"valueName":"search_term_string"}}],"inLanguage":"es"}]}},"_links":{"self":[{"href":"https:\/\/petardoscm.gmedia.ovh\/index.php\/wp-json\/wp\/v2\/product\/9534","targetHints":{"allow":["GET"]}}],"collection":[{"href":"https:\/\/petardoscm.gmedia.ovh\/index.php\/wp-json\/wp\/v2\/product"}],"about":[{"href":"https:\/\/petardoscm.gmedia.ovh\/index.php\/wp-json\/wp\/v2\/types\/product"}],"replies":[{"embeddable":true,"href":"https:\/\/petardoscm.gmedia.ovh\/index.php\/wp-json\/wp\/v2\/comments?post=9534"}],"wp:featuredmedia":[{"embeddable":true,"href":"https:\/\/petardoscm.gmedia.ovh\/index.php\/wp-json\/wp\/v2\/media\/9535"}],"wp:attachment":[{"href":"https:\/\/petardoscm.gmedia.ovh\/index.php\/wp-json\/wp\/v2\/media?parent=9534"}],"wp:term":[{"taxonomy":"product_brand","embeddable":true,"href":"https:\/\/petardoscm.gmedia.ovh\/index.php\/wp-json\/wp\/v2\/product_brand?post=9534"},{"taxonomy":"product_cat","embeddable":true,"href":"https:\/\/petardoscm.gmedia.ovh\/index.php\/wp-json\/wp\/v2\/product_cat?post=9534"},{"taxonomy":"product_tag","embeddable":true,"href":"https:\/\/petardoscm.gmedia.ovh\/index.php\/wp-json\/wp\/v2\/product_tag?post=9534"}],"curies":[{"name":"wp","href":"https:\/\/api.w.org\/{rel}","templated":true}]}}